01100100011
166101 (base 10) to base 4
220203111
6504a (base 13) to base 6
3524301
-2133410 (base 6) to base 5
-11341044
Convert 1891204 (base 11) to base 7.
36066646
602306 (base 13) to base 4
20201011121
Convert d0bcd (base 14) to base 6.
14430521
What is -9857a (base 14) in base 11?
-232089
What is -69986 (base 12) in base 6?
-3010250
d4727 (base 14) to base 6
14545223
Convert -1c407 (base 16) to base 5.
-12200334
What is -71585 (base 9) in base 12?
-23342
What is 284725 (base 13) in base 16?
ef854
Convert 161923 (base 11) to base 2.
111101010111001110
What is a44243 (base 12) in base 13?
6c3864
-2111e (base 16) to base 13
-49867
What is 2335051 (base 6) in base 12?
5a487
Convert afea5 (base 16) to base 8.
2577245
20000221022 (base 3) to base 2
11100111111111101
What is 1099096 (base 12) in base 4?
30022120302
What is -13661718 (base 9) in base 14?
-c84053
What is 1000100011010011110 (base 2) in base 14?
7419c
-23233200 (base 5) to base 10
-211675
What is -be3e85 (base 15) in base 12?
-3057a8b
118081 (base 10) to base 6
2310401
10000100110101011111000 (base 2) to base 3
22012010212100
-13440001 (base 7) to base 6
-42510231
What is -4082a (base 12) in base 9?
-137357
What is 3030552 (base 6) in base 14?
3a708
Convert -d52d58 (base 14) to base 13.
-164a687
50541 (base 11) to base 2
10010000001111111
Convert -14a287 (base 13) to base 11.
-3176a9
Convert 5355351 (base 6) to base 16.
40873
What is 6742423 (base 9) in base 12?
1270870
Convert 41120132 (base 5) to base 9.
556141
Convert -10221002121 (base 3) to base 11.
-53123
Convert -243245224 (base 6) to base 11.
-268a813
Convert -12423144 (base 5) to base 11.
-84908
3081878 (base 9) to base 8
6223203
What is 565911 (base 14) in base 7?
33643121
-48019 (base 13) to base 8
-401402
-2139249 (base 10) to base 2
-1000001010010001110001
Convert -146859 (base 10) to base 7.
-1151106
-424467 (base 10) to base 6
-13033043
207e30 (base 15) to base 3
2220112010100
2670 (base 11) to base 3
11202100
What is 33030313 (base 6) in base 3?
1211222111100
Convert 900221 (base 12) to base 5.
1033133201
-90b45 (base 13) to base 4
-333032111
What is -325011 (base 6) in base 12?
-13767
What is -11221102221 (base 3) in base 16?
-17bff
What is -28317 (base 13) in base 15?
-17450
-31372324 (base 8) to base 11
-3854165
117a175 (base 12) to base 11
1a1063a
-33551235 (base 7) to base 5
-1221420313
-11110021020110 (base 3) to base 7
-26056365
What is -1101101010110011 (base 2) in base 6?
-1111111
What is -131982 (base 12) in base 3?
-120221221122
What is 200010012010 (base 3) in base 13?
c6423
Convert -1064350 (base 9) to base 15.
-b5126
What is -3275a (base 12) in base 4?
-100102312
Convert -3455100 (base 6) to base 16.
-2b9ec
Convert 6125375 (base 8) to base 12.
65b679
Convert -2b975 (base 13) to base 9.
-135647
Convert 58b1b (base 14) to base 8.
646225
3808a81 (base 12) to base 8
51646001
What is 745587 (base 10) in base 15?
eadac
Convert -2a5c73 (base 15) to base 7.
-23244114
Convert -864477 (base 10) to base 14.
-187085
Convert -20031213 (base 4) to base 12.
-17573
Convert -111010110111110011101110 (base 2) to base 6.
-1310440450
What is 11716 (base 13) in base 7?
162115
Convert 101c9 (base 15) to base 8.
143537
Convert -d4e1b (base 15) to base 9.
-1237578
Convert c4c1ab (base 13) to base 12.
1657b82
Convert -311d3 (base 14) to base 10.
-118373
10012202002010 (base 3) to base 14
326315
What is -2487855 (base 10) in base 9?
-4611623
What is -2122110121 (base 3) in base 16?
-cb83
-10210203 (base 4) to base 14
-6b75
3532008 (base 9) to base 13
51b903
-21022021221 (base 3) to base 13
-50608
What is -101333111010 (base 4) in base 10?
-4715844
What is -20111021122000 (base 3) in base 11?
-1a47113
Convert 11101001000001110 (base 2) to base 9.
201586
What is -20110212200 (base 3) in base 4?
-133013331
What is 208079 (base 10) in base 16?
32ccf
Convert -271703 (base 13) to base 7.
-11016500
What is -8019d (base 15) in base 10?
-405373
-201343204 (base 5) to base 3
-1112002222121
What is -10ba3b (base 12) in base 15?
-54c02
What is -212211012220022 (base 3) in base 7?
-212416664
Convert 20a17 (base 14) to base 13.
29b47
Convert -75463 (base 16) to base 12.
-1b1b97
What is -20002121201 (base 3) in base 12?
-59547
-145cc (base 13) to base 8
-112732
What is -62071371 (base 8) in base 16?
-c872f9
-232202331033 (base 4) to base 14
-1898a19
Convert 20011313213 (base 4) to base 8.
10056747
Convert 10001111011100010101011 (base 2) to base 9.
8753570
72374573 (base 8) to base 14
2072163
Convert 110011111001011011 (base 2) to base 6.
4320043
101110111011000000 (base 2) to base 10
192192
-131122121 (base 5) to base 10
-645286
Convert 522050 (base 8) to base 12.
84208
-1222323313 (base 4) to base 10
-438007
What is 2314187 (base 9) in base 14?
2475bc
What is 1133001222 (base 4) in base 3?
201202220210
Convert -1122304033 (base 5) to base 14.
-4a2103
What is 49661 (base 13) in base 11?
92568
What is 634331 (base 7) in base 3?
12120022202
Convert 88478 (base 14) to base 13.
b7389
Convert -5faa5 (base 16) to base 15.
-7b180
What is 23640 (base 13) in base 14?
19871
-86a5b (base 13) to base 2
-111011011011101100
-54ab31 (base 15) to base 9
-7530771
1472726 (base 8) to base 9
714684
-226776 (base 8) to base 14
-20262
Convert 22220021122122 (base 3) to base 16.
482a9b
What is -12223504 (base 7) in base 5?
-240123120
Convert 3664162 (base 7) to base 14.
c3232
Convert 203114 (base 13) to base 4.
2312330303
Convert 7224122 (base 8) to base 3.
10121002012211
-1772511 (base 10) to base 11
-1000794
-51031322 (base 7) to base 12
-1507595
10023204 (base 5) to base 13
2a42a
What is 15245023 (base 6) in base 14?
dcdb9
What is -4401131 (base 5) in base 3?
-10211002221
What is 4a9ca (base 13) in base 5?
13403101
What is 97a244 (base 11) in base 8?
5761552
What is 1334500 (base 6) in base 7?
431262
965969 (base 10) to base 3
1211002001122
What is 17816 (base 15) in base 12?
38033
Convert -584231 (base 15) to base 10.
-4215871
What is 10102031220 (base 4) in base 9?
2101633
What is 302050 (base 7) in base 10?
51142
4b268 (base 13) to base 10
138835
What is 762003 (base 10) in base 12?
308b83
Convert 21524425 (base 7) to base 13.
4cc537
What is -360475 (base 8) in base 7?
-1022114
What is -2618 (base 9) in base 10?
-1961
Convert 11100100001001101 (base 2) to base 13.
41228
What is -1321044 (base 6) in base 11?
-4a790
Convert -a2197 (base 14) to base 7.
-3212650
Convert 24446 (base 16) to base 14.
3c1ca
-18960 (base 14) to base 8
-171410
What is 22011112211 (base 3) in base 13?
58249
Convert -315715 (base 9) to base 16.
-2de1e
What is 1031 (base 12) in base 9?
2371
What is 52e4f (base 16) in base 2?
1010010111001001111
40b47 (base 13) to base 8
342702
What is -1000111001110110000 (base 2) in base 15?
-5b6aa
-106872 (base 12) to base 14
-6acaa
Convert 1320664 (base 7) to base 6.
3413524
What is -3642191 (base 10) in base 2?
-1101111001001101001111
What is 24132077 (base 9) in base 15?
1077ec7
Convert -3175237 (base 9) to base 16.
-19fce4
103231132 (base 4) to base 2
10011101101011110
Convert -435637 (base 12) to base 7.
-12033013
What is 39abaa6 (base 12) in base 13?
24a059c
What is -784d13 (base 14) in base 7?
-46504323
Convert -3bd157 (base 14) to base 12.
-83b0a1
-5595472 (base 11) to base 15
-cd949c
Convert -b697a (base 16) to base 10.
-747898
What is -101010110010110 (base 2) in base 12?
-1081a
Convert -11643020 (base 7) to base 15.
-15bd8b
-13350615 (base 7) to base 2
-100101110100010110110
Convert -1152751 (base 8) to base 15.
-63d70
What is -bd88 (base 15) in base 2?
-1001110011110010
What is -122354455 (base 6) in base 13?
-649b14
What is -3109357 (base 10) in base 5?
-1243444412
Convert 459a8 (base 11) to base 15.
14a36
Convert -41520050 (base 6) to base 2.
-100100110111001011110
-11242065 (base 8) to base 10
-2442293
Convert 360525 (base 7) to base 9.
108253
What is 12110020011 (base 3) in base 4?
122031001
Convert 10010010000110100010 (base 2) to base 6.
20454310
What is 175017 (base 8) in base 10?
64015
Convert -e8a84 (base 15) to base 16.
-b434c
92b7a (base 12) to base 5
22114013
201012010 (base 4) to base 9
225847
1032415 (base 7) to base 16
1eb32
-315430501 (base 6) to base 16
-554125
102211101 (base 3) to base 9
12741
Convert 25b4ea (base 1